{"id":5268,"date":"2025-04-30T12:56:38","date_gmt":"2025-04-30T15:56:38","guid":{"rendered":"https:\/\/energisaprev.com.br\/relatorioanual2024\/?page_id=5268"},"modified":"2025-04-30T13:45:18","modified_gmt":"2025-04-30T16:45:18","slug":"avanco-tecnologico","status":"publish","type":"page","link":"https:\/\/energisaprev.com.br\/relatorioanual2024\/relacionamento-e-comunicacao\/avanco-tecnologico\/","title":{"rendered":"Avan\u00e7o Tecnol\u00f3gico"},"content":{"rendered":"\t\t<div data-elementor-type=\"wp-page\" data-elementor-id=\"5268\" class=\"elementor elementor-5268\">\n\t\t\t\t<div data-particle_enable=\"false\" data-particle-mobile-disabled=\"false\" class=\"elementor-element elementor-element-d7917d8 e-flex e-con-boxed e-con e-parent\" data-id=\"d7917d8\" data-element_type=\"container\" data-e-type=\"container\">\n\t\t\t\t\t<div class=\"e-con-inner\">\n\t\t\t\t<div class=\"elementor-element elementor-element-b938a7d elementor-widget elementor-widget-heading\" data-id=\"b938a7d\" data-element_type=\"widget\" data-e-type=\"widget\" data-widget_type=\"heading.default\">\n\t\t\t\t<div class=\"elementor-widget-container\">\n\t\t\t\t\t<p class=\"elementor-heading-title elementor-size-default\">Ao longo de 2024, o setor de Tecnologia da Informa\u00e7\u00e3o da EnergisaPrev realizou uma s\u00e9rie de iniciativas estrat\u00e9gicas com foco em seguran\u00e7a, moderniza\u00e7\u00e3o da infraestrutura e efici\u00eancia operacional. Dentre as principais a\u00e7\u00f5es, destacam-se:<\/p>\t\t\t\t<\/div>\n\t\t\t\t<\/div>\n\t\t\t\t\t<\/div>\n\t\t\t\t<\/div>\n\t\t<div data-particle_enable=\"false\" data-particle-mobile-disabled=\"false\" class=\"elementor-element elementor-element-caa353c e-flex e-con-boxed e-con e-parent\" data-id=\"caa353c\" data-element_type=\"container\" data-e-type=\"container\">\n\t\t\t\t\t<div class=\"e-con-inner\">\n\t\t\t\t<div class=\"elementor-element elementor-element-21c2577 elementor-icon-list--layout-traditional elementor-list-item-link-full_width elementor-widget elementor-widget-icon-list\" data-id=\"21c2577\" data-element_type=\"widget\" data-e-type=\"widget\" data-widget_type=\"icon-list.default\">\n\t\t\t\t<div class=\"elementor-widget-container\">\n\t\t\t\t\t\t\t<ul class=\"elementor-icon-list-items\">\n\t\t\t\t\t\t\t<li class=\"elementor-icon-list-item\">\n\t\t\t\t\t\t\t\t\t\t\t<span class=\"elementor-icon-list-icon\">\n\t\t\t\t\t\t\t<svg xmlns=\"http:\/\/www.w3.org\/2000\/svg\" width=\"391\" height=\"391\" viewBox=\"0 0 391 391\" fill=\"none\"><circle cx=\"195.501\" cy=\"195.5\" r=\"194.5\" transform=\"rotate(30 195.501 195.5)\" fill=\"url(#paint0_linear_145_53)\"><\/circle><defs><linearGradient id=\"paint0_linear_145_53\" x1=\"195.501\" y1=\"1.00005\" x2=\"195.501\" y2=\"390\" gradientUnits=\"userSpaceOnUse\"><stop stop-color=\"#56E274\"><\/stop><stop offset=\"1\" stop-color=\"#00B6B2\"><\/stop><\/linearGradient><\/defs><\/svg>\t\t\t\t\t\t<\/span>\n\t\t\t\t\t\t\t\t\t\t<span class=\"elementor-icon-list-text\"><b>In\u00edcio da implementa\u00e7\u00e3o do Plano de Continuidade de Neg\u00f3cios (PCN): <\/b> Foram iniciadas as etapas de planejamento e estrutura\u00e7\u00e3o do PCN, com foco na resili\u00eancia operacional e na mitiga\u00e7\u00e3o de riscos tecnol\u00f3gicos. Este plano \u00e9 essencial para garantir que a organiza\u00e7\u00e3o possa continuar operando mesmo em situa\u00e7\u00f5es de crise, como desastres naturais ou falhas de sistemas cr\u00edticos. A implementa\u00e7\u00e3o do PCN envolve a identifica\u00e7\u00e3o de processos cr\u00edticos, a defini\u00e7\u00e3o de estrat\u00e9gias de recupera\u00e7\u00e3o e a realiza\u00e7\u00e3o de testes regulares para assegurar a efic\u00e1cia do plano.<\/span>\n\t\t\t\t\t\t\t\t\t<\/li>\n\t\t\t\t\t\t\t\t<li class=\"elementor-icon-list-item\">\n\t\t\t\t\t\t\t\t\t\t\t<span class=\"elementor-icon-list-icon\">\n\t\t\t\t\t\t\t<svg xmlns=\"http:\/\/www.w3.org\/2000\/svg\" width=\"391\" height=\"391\" viewBox=\"0 0 391 391\" fill=\"none\"><circle cx=\"195.501\" cy=\"195.5\" r=\"194.5\" transform=\"rotate(30 195.501 195.5)\" fill=\"url(#paint0_linear_145_53)\"><\/circle><defs><linearGradient id=\"paint0_linear_145_53\" x1=\"195.501\" y1=\"1.00005\" x2=\"195.501\" y2=\"390\" gradientUnits=\"userSpaceOnUse\"><stop stop-color=\"#56E274\"><\/stop><stop offset=\"1\" stop-color=\"#00B6B2\"><\/stop><\/linearGradient><\/defs><\/svg>\t\t\t\t\t\t<\/span>\n\t\t\t\t\t\t\t\t\t\t<span class=\"elementor-icon-list-text\"><b>Virtualiza\u00e7\u00e3o de servidores: <\/b> Promovida a virtualiza\u00e7\u00e3o de parte significativa da infraestrutura de servidores, proporcionando maior escalabilidade, flexibilidade e redu\u00e7\u00e3o de custos com manuten\u00e7\u00e3o e energia. A virtualiza\u00e7\u00e3o permite que m\u00faltiplos sistemas operacionais e aplicativos sejam executados em um \u00fanico servidor f\u00edsico, otimizando o uso dos recursos de hardware. Al\u00e9m disso, facilita a gest\u00e3o e a aloca\u00e7\u00e3o de recursos, permitindo uma resposta mais \u00e1gil \u00e0s demandas de neg\u00f3cios e uma redu\u00e7\u00e3o significativa no consumo de energia el\u00e9trica.<\/span>\n\t\t\t\t\t\t\t\t\t<\/li>\n\t\t\t\t\t\t\t\t<li class=\"elementor-icon-list-item\">\n\t\t\t\t\t\t\t\t\t\t\t<span class=\"elementor-icon-list-icon\">\n\t\t\t\t\t\t\t<svg xmlns=\"http:\/\/www.w3.org\/2000\/svg\" width=\"391\" height=\"391\" viewBox=\"0 0 391 391\" fill=\"none\"><circle cx=\"195.501\" cy=\"195.5\" r=\"194.5\" transform=\"rotate(30 195.501 195.5)\" fill=\"url(#paint0_linear_145_53)\"><\/circle><defs><linearGradient id=\"paint0_linear_145_53\" x1=\"195.501\" y1=\"1.00005\" x2=\"195.501\" y2=\"390\" gradientUnits=\"userSpaceOnUse\"><stop stop-color=\"#56E274\"><\/stop><stop offset=\"1\" stop-color=\"#00B6B2\"><\/stop><\/linearGradient><\/defs><\/svg>\t\t\t\t\t\t<\/span>\n\t\t\t\t\t\t\t\t\t\t<span class=\"elementor-icon-list-text\"><b>Fortalecimento da ciberseguran\u00e7a:<\/b> Houve um aumento no n\u00edvel de prote\u00e7\u00e3o cibern\u00e9tica da institui\u00e7\u00e3o por meio da ado\u00e7\u00e3o de novas ferramentas, revis\u00e3o de pol\u00edticas de seguran\u00e7a e amplia\u00e7\u00e3o do monitoramento preventivo. A institui\u00e7\u00e3o investiu em solu\u00e7\u00f5es avan\u00e7adas de detec\u00e7\u00e3o e resposta a amea\u00e7as, al\u00e9m de realizar auditorias regulares para identificar e corrigir vulnerabilidades. A revis\u00e3o das pol\u00edticas de seguran\u00e7a incluiu a atualiza\u00e7\u00e3o de protocolos de acesso e a implementa\u00e7\u00e3o de pr\u00e1ticas de seguran\u00e7a mais rigorosas para proteger os dados sens\u00edveis da organiza\u00e7\u00e3o.<\/span>\n\t\t\t\t\t\t\t\t\t<\/li>\n\t\t\t\t\t\t\t\t<li class=\"elementor-icon-list-item\">\n\t\t\t\t\t\t\t\t\t\t\t<span class=\"elementor-icon-list-icon\">\n\t\t\t\t\t\t\t<svg xmlns=\"http:\/\/www.w3.org\/2000\/svg\" width=\"391\" height=\"391\" viewBox=\"0 0 391 391\" fill=\"none\"><circle cx=\"195.501\" cy=\"195.5\" r=\"194.5\" transform=\"rotate(30 195.501 195.5)\" fill=\"url(#paint0_linear_145_53)\"><\/circle><defs><linearGradient id=\"paint0_linear_145_53\" x1=\"195.501\" y1=\"1.00005\" x2=\"195.501\" y2=\"390\" gradientUnits=\"userSpaceOnUse\"><stop stop-color=\"#56E274\"><\/stop><stop offset=\"1\" stop-color=\"#00B6B2\"><\/stop><\/linearGradient><\/defs><\/svg>\t\t\t\t\t\t<\/span>\n\t\t\t\t\t\t\t\t\t\t<span class=\"elementor-icon-list-text\"><b>Implanta\u00e7\u00e3o de sistema de backup em nuvem com criptografia anti-ransomware: <\/b> Adotado novo sistema de backup baseado em nuvem, com tecnologia de criptografia avan\u00e7ada, garantindo maior seguran\u00e7a dos dados institucionais. Este sistema de backup \u00e9 projetado para proteger os dados contra ataques de ransomware, que podem criptografar e bloquear o acesso aos dados at\u00e9 que um resgate seja pago. A criptografia avan\u00e7ada assegura que os dados armazenados na nuvem estejam protegidos contra acessos n\u00e3o autorizados, enquanto a redund\u00e2ncia dos backups garante a disponibilidade dos dados em caso de falhas.<\/span>\n\t\t\t\t\t\t\t\t\t<\/li>\n\t\t\t\t\t\t\t\t<li class=\"elementor-icon-list-item\">\n\t\t\t\t\t\t\t\t\t\t\t<span class=\"elementor-icon-list-icon\">\n\t\t\t\t\t\t\t<svg xmlns=\"http:\/\/www.w3.org\/2000\/svg\" width=\"391\" height=\"391\" viewBox=\"0 0 391 391\" fill=\"none\"><circle cx=\"195.501\" cy=\"195.5\" r=\"194.5\" transform=\"rotate(30 195.501 195.5)\" fill=\"url(#paint0_linear_145_53)\"><\/circle><defs><linearGradient id=\"paint0_linear_145_53\" x1=\"195.501\" y1=\"1.00005\" x2=\"195.501\" y2=\"390\" gradientUnits=\"userSpaceOnUse\"><stop stop-color=\"#56E274\"><\/stop><stop offset=\"1\" stop-color=\"#00B6B2\"><\/stop><\/linearGradient><\/defs><\/svg>\t\t\t\t\t\t<\/span>\n\t\t\t\t\t\t\t\t\t\t<span class=\"elementor-icon-list-text\"><b>Planejamento para ado\u00e7\u00e3o do modelo Zero Trust da Microsoft: <\/b> Foi iniciado o estudo t\u00e9cnico e estrat\u00e9gico para a futura implementa\u00e7\u00e3o do modelo Zero Trust, visando o controle de acessos com base em identidade, dispositivo e contexto. O modelo Zero Trust \u00e9 uma abordagem de seguran\u00e7a que assume que nenhuma entidade, seja interna ou externa, \u00e9 confi\u00e1vel por padr\u00e3o. Isso significa que todos os acessos s\u00e3o rigorosamente verificados e monitorados, independentemente de onde estejam sendo feitos. A ado\u00e7\u00e3o deste modelo visa aumentar a seguran\u00e7a da rede e proteger os dados contra acessos n\u00e3o autorizados.<\/span>\n\t\t\t\t\t\t\t\t\t<\/li>\n\t\t\t\t\t\t\t\t<li class=\"elementor-icon-list-item\">\n\t\t\t\t\t\t\t\t\t\t\t<span class=\"elementor-icon-list-icon\">\n\t\t\t\t\t\t\t<svg xmlns=\"http:\/\/www.w3.org\/2000\/svg\" width=\"391\" height=\"391\" viewBox=\"0 0 391 391\" fill=\"none\"><circle cx=\"195.501\" cy=\"195.5\" r=\"194.5\" transform=\"rotate(30 195.501 195.5)\" fill=\"url(#paint0_linear_145_53)\"><\/circle><defs><linearGradient id=\"paint0_linear_145_53\" x1=\"195.501\" y1=\"1.00005\" x2=\"195.501\" y2=\"390\" gradientUnits=\"userSpaceOnUse\"><stop stop-color=\"#56E274\"><\/stop><stop offset=\"1\" stop-color=\"#00B6B2\"><\/stop><\/linearGradient><\/defs><\/svg>\t\t\t\t\t\t<\/span>\n\t\t\t\t\t\t\t\t\t\t<span class=\"elementor-icon-list-text\"><b>Estudo de redu\u00e7\u00e3o de custos com tecnologia:<\/b> Realizado levantamento e an\u00e1lise de oportunidades de otimiza\u00e7\u00e3o de recursos e contratos, com foco em efici\u00eancia operacional e sustentabilidade financeira. Este estudo envolveu a revis\u00e3o de contratos com fornecedores, a identifica\u00e7\u00e3o de \u00e1reas onde os custos poderiam ser reduzidos sem comprometer a qualidade dos servi\u00e7os e a implementa\u00e7\u00e3o de pr\u00e1ticas de gest\u00e3o mais eficientes. O objetivo \u00e9 garantir que a organiza\u00e7\u00e3o possa operar de maneira mais econ\u00f4mica, liberando recursos para investimentos em outras \u00e1reas estrat\u00e9gicas.<\/span>\n\t\t\t\t\t\t\t\t\t<\/li>\n\t\t\t\t\t\t\t\t<li class=\"elementor-icon-list-item\">\n\t\t\t\t\t\t\t\t\t\t\t<span class=\"elementor-icon-list-icon\">\n\t\t\t\t\t\t\t<svg xmlns=\"http:\/\/www.w3.org\/2000\/svg\" width=\"391\" height=\"391\" viewBox=\"0 0 391 391\" fill=\"none\"><circle cx=\"195.501\" cy=\"195.5\" r=\"194.5\" transform=\"rotate(30 195.501 195.5)\" fill=\"url(#paint0_linear_145_53)\"><\/circle><defs><linearGradient id=\"paint0_linear_145_53\" x1=\"195.501\" y1=\"1.00005\" x2=\"195.501\" y2=\"390\" gradientUnits=\"userSpaceOnUse\"><stop stop-color=\"#56E274\"><\/stop><stop offset=\"1\" stop-color=\"#00B6B2\"><\/stop><\/linearGradient><\/defs><\/svg>\t\t\t\t\t\t<\/span>\n\t\t\t\t\t\t\t\t\t\t<span class=\"elementor-icon-list-text\"><b>Implanta\u00e7\u00e3o de solu\u00e7\u00f5es de Intelig\u00eancia Artificial (IA) \u2013 Microsoft Copilot:<\/b> A organiza\u00e7\u00e3o iniciou o uso de ferramentas baseadas em IA para apoio \u00e0 produtividade, automa\u00e7\u00e3o de tarefas e an\u00e1lise de dados. As solu\u00e7\u00f5es de IA, como o Microsoft Copilot, s\u00e3o projetadas para auxiliar os colaboradores em suas atividades di\u00e1rias, automatizando tarefas repetitivas e fornecendo insights valiosos a partir da an\u00e1lise de grandes volumes de dados. Isso n\u00e3o apenas aumenta a efici\u00eancia operacional, mas tamb\u00e9m permite que os colaboradores se concentrem em atividades de maior valor agregado.<\/span>\n\t\t\t\t\t\t\t\t\t<\/li>\n\t\t\t\t\t\t\t\t<li class=\"elementor-icon-list-item\">\n\t\t\t\t\t\t\t\t\t\t\t<span class=\"elementor-icon-list-icon\">\n\t\t\t\t\t\t\t<svg xmlns=\"http:\/\/www.w3.org\/2000\/svg\" width=\"391\" height=\"391\" viewBox=\"0 0 391 391\" fill=\"none\"><circle cx=\"195.501\" cy=\"195.5\" r=\"194.5\" transform=\"rotate(30 195.501 195.5)\" fill=\"url(#paint0_linear_145_53)\"><\/circle><defs><linearGradient id=\"paint0_linear_145_53\" x1=\"195.501\" y1=\"1.00005\" x2=\"195.501\" y2=\"390\" gradientUnits=\"userSpaceOnUse\"><stop stop-color=\"#56E274\"><\/stop><stop offset=\"1\" stop-color=\"#00B6B2\"><\/stop><\/linearGradient><\/defs><\/svg>\t\t\t\t\t\t<\/span>\n\t\t\t\t\t\t\t\t\t\t<span class=\"elementor-icon-list-text\"><b>Capacita\u00e7\u00e3o em seguran\u00e7a da informa\u00e7\u00e3o: <\/b> Promovidos dois treinamentos internos de conscientiza\u00e7\u00e3o em seguran\u00e7a da informa\u00e7\u00e3o, voltados a todos os colaboradores, refor\u00e7ando a cultura de prote\u00e7\u00e3o de dados e boas pr\u00e1ticas de seguran\u00e7a digital. Esses treinamentos s\u00e3o fundamentais para garantir que todos os colaboradores estejam cientes das amea\u00e7as cibern\u00e9ticas e saibam como proteger os dados da organiza\u00e7\u00e3o. A conscientiza\u00e7\u00e3o em seguran\u00e7a da informa\u00e7\u00e3o \u00e9 uma parte crucial da estrat\u00e9gia de ciberseguran\u00e7a, pois ajuda a prevenir incidentes causados por erro humano.<\/span>\n\t\t\t\t\t\t\t\t\t<\/li>\n\t\t\t\t\t\t<\/ul>\n\t\t\t\t\t\t<\/div>\n\t\t\t\t<\/div>\n\t\t\t\t\t<\/div>\n\t\t\t\t<\/div>\n\t\t<div data-particle_enable=\"false\" data-particle-mobile-disabled=\"false\" class=\"elementor-element elementor-element-743214f e-flex e-con-boxed e-con e-parent\" data-id=\"743214f\" data-element_type=\"container\" data-e-type=\"container\">\n\t\t\t\t\t<div class=\"e-con-inner\">\n\t\t\t\t<div class=\"elementor-element elementor-element-cb06fd4 elementor-widget elementor-widget-heading\" data-id=\"cb06fd4\" data-element_type=\"widget\" data-e-type=\"widget\" data-widget_type=\"heading.default\">\n\t\t\t\t<div class=\"elementor-widget-container\">\n\t\t\t\t\t<p class=\"elementor-heading-title elementor-size-default\">Essas a\u00e7\u00f5es contribu\u00edram significativamente para o avan\u00e7o tecnol\u00f3gico da entidade, garantindo maior seguran\u00e7a, confiabilidade e preparo para os desafios futuros. Por meio dessas iniciativas, a Energisaprev est\u00e1 mais bem posicionada para enfrentar as amea\u00e7as cibern\u00e9ticas, otimizar seus recursos e continuar a oferecer servi\u00e7os de alta qualidade aos seus stakeholders.<\/p>\t\t\t\t<\/div>\n\t\t\t\t<\/div>\n\t\t\t\t\t<\/div>\n\t\t\t\t<\/div>\n\t\t\t\t<\/div>\n\t\t","protected":false},"excerpt":{"rendered":"<p>Ao longo de 2024, o setor de Tecnologia da Informa\u00e7\u00e3o da EnergisaPrev realizou uma s\u00e9rie de iniciativas estrat\u00e9gicas com foco em seguran\u00e7a, moderniza\u00e7\u00e3o da infraestrutura e efici\u00eancia operacional. Dentre as principais a\u00e7\u00f5es, destacam-se: In\u00edcio da implementa\u00e7\u00e3o do Plano de Continuidade de Neg\u00f3cios (PCN): Foram iniciadas as etapas de planejamento e estrutura\u00e7\u00e3o do PCN, com foco [&hellip;]<\/p>\n","protected":false},"author":1,"featured_media":5274,"parent":65,"menu_order":0,"comment_status":"closed","ping_status":"closed","template":"","meta":{"footnotes":""},"class_list":["post-5268","page","type-page","status-publish","has-post-thumbnail","hentry"],"acf":[],"yoast_head":"<!-- This site is optimized with the Yoast SEO plugin v27.4 - https:\/\/yoast.com\/product\/yoast-seo-wordpress\/ -->\n<title>Avan\u00e7o Tecnol\u00f3gico - Relat\u00f3rio Anual<\/title>\n<meta name=\"robots\" content=\"index, follow, max-snippet:-1, max-image-preview:large, max-video-preview:-1\" \/>\n<link rel=\"canonical\" href=\"https:\/\/energisaprev.com.br\/relatorioanual2024\/relacionamento-e-comunicacao\/avanco-tecnologico\/\" \/>\n<meta property=\"og:locale\" content=\"pt_BR\" \/>\n<meta property=\"og:type\" content=\"article\" \/>\n<meta property=\"og:title\" content=\"Avan\u00e7o Tecnol\u00f3gico - Relat\u00f3rio Anual\" \/>\n<meta property=\"og:description\" content=\"Ao longo de 2024, o setor de Tecnologia da Informa\u00e7\u00e3o da EnergisaPrev realizou uma s\u00e9rie de iniciativas estrat\u00e9gicas com foco em seguran\u00e7a, moderniza\u00e7\u00e3o da infraestrutura e efici\u00eancia operacional. Dentre as principais a\u00e7\u00f5es, destacam-se: In\u00edcio da implementa\u00e7\u00e3o do Plano de Continuidade de Neg\u00f3cios (PCN): Foram iniciadas as etapas de planejamento e estrutura\u00e7\u00e3o do PCN, com foco [&hellip;]\" \/>\n<meta property=\"og:url\" content=\"https:\/\/energisaprev.com.br\/relatorioanual2024\/relacionamento-e-comunicacao\/avanco-tecnologico\/\" \/>\n<meta property=\"og:site_name\" content=\"Relat\u00f3rio Anual\" \/>\n<meta property=\"article:modified_time\" content=\"2025-04-30T16:45:18+00:00\" \/>\n<meta property=\"og:image\" content=\"https:\/\/energisaprev.com.br\/relatorioanual2024\/wp-content\/uploads\/2025\/04\/markus-spiske-Skf7HxARcoc-unsplash-scaled.jpg\" \/>\n\t<meta property=\"og:image:width\" content=\"2560\" \/>\n\t<meta property=\"og:image:height\" content=\"1707\" \/>\n\t<meta property=\"og:image:type\" content=\"image\/jpeg\" \/>\n<meta name=\"twitter:card\" content=\"summary_large_image\" \/>\n<meta name=\"twitter:label1\" content=\"Est. tempo de leitura\" \/>\n\t<meta name=\"twitter:data1\" content=\"5 minutos\" \/>\n<script type=\"application\/ld+json\" class=\"yoast-schema-graph\">{\"@context\":\"https:\\\/\\\/schema.org\",\"@graph\":[{\"@type\":\"WebPage\",\"@id\":\"https:\\\/\\\/energisaprev.com.br\\\/relatorioanual2024\\\/relacionamento-e-comunicacao\\\/avanco-tecnologico\\\/\",\"url\":\"https:\\\/\\\/energisaprev.com.br\\\/relatorioanual2024\\\/relacionamento-e-comunicacao\\\/avanco-tecnologico\\\/\",\"name\":\"Avan\u00e7o Tecnol\u00f3gico - Relat\u00f3rio Anual\",\"isPartOf\":{\"@id\":\"https:\\\/\\\/energisaprev.com.br\\\/relatorioanual2024\\\/#website\"},\"primaryImageOfPage\":{\"@id\":\"https:\\\/\\\/energisaprev.com.br\\\/relatorioanual2024\\\/relacionamento-e-comunicacao\\\/avanco-tecnologico\\\/#primaryimage\"},\"image\":{\"@id\":\"https:\\\/\\\/energisaprev.com.br\\\/relatorioanual2024\\\/relacionamento-e-comunicacao\\\/avanco-tecnologico\\\/#primaryimage\"},\"thumbnailUrl\":\"https:\\\/\\\/energisaprev.com.br\\\/relatorioanual2024\\\/wp-content\\\/uploads\\\/2025\\\/04\\\/markus-spiske-Skf7HxARcoc-unsplash-scaled.jpg\",\"datePublished\":\"2025-04-30T15:56:38+00:00\",\"dateModified\":\"2025-04-30T16:45:18+00:00\",\"breadcrumb\":{\"@id\":\"https:\\\/\\\/energisaprev.com.br\\\/relatorioanual2024\\\/relacionamento-e-comunicacao\\\/avanco-tecnologico\\\/#breadcrumb\"},\"inLanguage\":\"pt-BR\",\"potentialAction\":[{\"@type\":\"ReadAction\",\"target\":[\"https:\\\/\\\/energisaprev.com.br\\\/relatorioanual2024\\\/relacionamento-e-comunicacao\\\/avanco-tecnologico\\\/\"]}]},{\"@type\":\"ImageObject\",\"inLanguage\":\"pt-BR\",\"@id\":\"https:\\\/\\\/energisaprev.com.br\\\/relatorioanual2024\\\/relacionamento-e-comunicacao\\\/avanco-tecnologico\\\/#primaryimage\",\"url\":\"https:\\\/\\\/energisaprev.com.br\\\/relatorioanual2024\\\/wp-content\\\/uploads\\\/2025\\\/04\\\/markus-spiske-Skf7HxARcoc-unsplash-scaled.jpg\",\"contentUrl\":\"https:\\\/\\\/energisaprev.com.br\\\/relatorioanual2024\\\/wp-content\\\/uploads\\\/2025\\\/04\\\/markus-spiske-Skf7HxARcoc-unsplash-scaled.jpg\",\"width\":2560,\"height\":1707},{\"@type\":\"BreadcrumbList\",\"@id\":\"https:\\\/\\\/energisaprev.com.br\\\/relatorioanual2024\\\/relacionamento-e-comunicacao\\\/avanco-tecnologico\\\/#breadcrumb\",\"itemListElement\":[{\"@type\":\"ListItem\",\"position\":1,\"name\":\"In\u00edcio\",\"item\":\"https:\\\/\\\/energisaprev.com.br\\\/relatorioanual2024\\\/\"},{\"@type\":\"ListItem\",\"position\":2,\"name\":\"Relacionamento e Comunica\u00e7\u00e3o\",\"item\":\"https:\\\/\\\/energisaprev.com.br\\\/relatorioanual2024\\\/relacionamento-e-comunicacao\\\/\"},{\"@type\":\"ListItem\",\"position\":3,\"name\":\"Avan\u00e7o Tecnol\u00f3gico\"}]},{\"@type\":\"WebSite\",\"@id\":\"https:\\\/\\\/energisaprev.com.br\\\/relatorioanual2024\\\/#website\",\"url\":\"https:\\\/\\\/energisaprev.com.br\\\/relatorioanual2024\\\/\",\"name\":\"Relat\u00f3rio Anual\",\"description\":\"\",\"potentialAction\":[{\"@type\":\"SearchAction\",\"target\":{\"@type\":\"EntryPoint\",\"urlTemplate\":\"https:\\\/\\\/energisaprev.com.br\\\/relatorioanual2024\\\/?s={search_term_string}\"},\"query-input\":{\"@type\":\"PropertyValueSpecification\",\"valueRequired\":true,\"valueName\":\"search_term_string\"}}],\"inLanguage\":\"pt-BR\"}]}<\/script>\n<!-- \/ Yoast SEO plugin. -->","yoast_head_json":{"title":"Avan\u00e7o Tecnol\u00f3gico - Relat\u00f3rio Anual","robots":{"index":"index","follow":"follow","max-snippet":"max-snippet:-1","max-image-preview":"max-image-preview:large","max-video-preview":"max-video-preview:-1"},"canonical":"https:\/\/energisaprev.com.br\/relatorioanual2024\/relacionamento-e-comunicacao\/avanco-tecnologico\/","og_locale":"pt_BR","og_type":"article","og_title":"Avan\u00e7o Tecnol\u00f3gico - Relat\u00f3rio Anual","og_description":"Ao longo de 2024, o setor de Tecnologia da Informa\u00e7\u00e3o da EnergisaPrev realizou uma s\u00e9rie de iniciativas estrat\u00e9gicas com foco em seguran\u00e7a, moderniza\u00e7\u00e3o da infraestrutura e efici\u00eancia operacional. Dentre as principais a\u00e7\u00f5es, destacam-se: In\u00edcio da implementa\u00e7\u00e3o do Plano de Continuidade de Neg\u00f3cios (PCN): Foram iniciadas as etapas de planejamento e estrutura\u00e7\u00e3o do PCN, com foco [&hellip;]","og_url":"https:\/\/energisaprev.com.br\/relatorioanual2024\/relacionamento-e-comunicacao\/avanco-tecnologico\/","og_site_name":"Relat\u00f3rio Anual","article_modified_time":"2025-04-30T16:45:18+00:00","og_image":[{"width":2560,"height":1707,"url":"https:\/\/energisaprev.com.br\/relatorioanual2024\/wp-content\/uploads\/2025\/04\/markus-spiske-Skf7HxARcoc-unsplash-scaled.jpg","type":"image\/jpeg"}],"twitter_card":"summary_large_image","twitter_misc":{"Est. tempo de leitura":"5 minutos"},"schema":{"@context":"https:\/\/schema.org","@graph":[{"@type":"WebPage","@id":"https:\/\/energisaprev.com.br\/relatorioanual2024\/relacionamento-e-comunicacao\/avanco-tecnologico\/","url":"https:\/\/energisaprev.com.br\/relatorioanual2024\/relacionamento-e-comunicacao\/avanco-tecnologico\/","name":"Avan\u00e7o Tecnol\u00f3gico - Relat\u00f3rio Anual","isPartOf":{"@id":"https:\/\/energisaprev.com.br\/relatorioanual2024\/#website"},"primaryImageOfPage":{"@id":"https:\/\/energisaprev.com.br\/relatorioanual2024\/relacionamento-e-comunicacao\/avanco-tecnologico\/#primaryimage"},"image":{"@id":"https:\/\/energisaprev.com.br\/relatorioanual2024\/relacionamento-e-comunicacao\/avanco-tecnologico\/#primaryimage"},"thumbnailUrl":"https:\/\/energisaprev.com.br\/relatorioanual2024\/wp-content\/uploads\/2025\/04\/markus-spiske-Skf7HxARcoc-unsplash-scaled.jpg","datePublished":"2025-04-30T15:56:38+00:00","dateModified":"2025-04-30T16:45:18+00:00","breadcrumb":{"@id":"https:\/\/energisaprev.com.br\/relatorioanual2024\/relacionamento-e-comunicacao\/avanco-tecnologico\/#breadcrumb"},"inLanguage":"pt-BR","potentialAction":[{"@type":"ReadAction","target":["https:\/\/energisaprev.com.br\/relatorioanual2024\/relacionamento-e-comunicacao\/avanco-tecnologico\/"]}]},{"@type":"ImageObject","inLanguage":"pt-BR","@id":"https:\/\/energisaprev.com.br\/relatorioanual2024\/relacionamento-e-comunicacao\/avanco-tecnologico\/#primaryimage","url":"https:\/\/energisaprev.com.br\/relatorioanual2024\/wp-content\/uploads\/2025\/04\/markus-spiske-Skf7HxARcoc-unsplash-scaled.jpg","contentUrl":"https:\/\/energisaprev.com.br\/relatorioanual2024\/wp-content\/uploads\/2025\/04\/markus-spiske-Skf7HxARcoc-unsplash-scaled.jpg","width":2560,"height":1707},{"@type":"BreadcrumbList","@id":"https:\/\/energisaprev.com.br\/relatorioanual2024\/relacionamento-e-comunicacao\/avanco-tecnologico\/#breadcrumb","itemListElement":[{"@type":"ListItem","position":1,"name":"In\u00edcio","item":"https:\/\/energisaprev.com.br\/relatorioanual2024\/"},{"@type":"ListItem","position":2,"name":"Relacionamento e Comunica\u00e7\u00e3o","item":"https:\/\/energisaprev.com.br\/relatorioanual2024\/relacionamento-e-comunicacao\/"},{"@type":"ListItem","position":3,"name":"Avan\u00e7o Tecnol\u00f3gico"}]},{"@type":"WebSite","@id":"https:\/\/energisaprev.com.br\/relatorioanual2024\/#website","url":"https:\/\/energisaprev.com.br\/relatorioanual2024\/","name":"Relat\u00f3rio Anual","description":"","potentialAction":[{"@type":"SearchAction","target":{"@type":"EntryPoint","urlTemplate":"https:\/\/energisaprev.com.br\/relatorioanual2024\/?s={search_term_string}"},"query-input":{"@type":"PropertyValueSpecification","valueRequired":true,"valueName":"search_term_string"}}],"inLanguage":"pt-BR"}]}},"_links":{"self":[{"href":"https:\/\/energisaprev.com.br\/relatorioanual2024\/wp-json\/wp\/v2\/pages\/5268","targetHints":{"allow":["GET"]}}],"collection":[{"href":"https:\/\/energisaprev.com.br\/relatorioanual2024\/wp-json\/wp\/v2\/pages"}],"about":[{"href":"https:\/\/energisaprev.com.br\/relatorioanual2024\/wp-json\/wp\/v2\/types\/page"}],"author":[{"embeddable":true,"href":"https:\/\/energisaprev.com.br\/relatorioanual2024\/wp-json\/wp\/v2\/users\/1"}],"replies":[{"embeddable":true,"href":"https:\/\/energisaprev.com.br\/relatorioanual2024\/wp-json\/wp\/v2\/comments?post=5268"}],"version-history":[{"count":8,"href":"https:\/\/energisaprev.com.br\/relatorioanual2024\/wp-json\/wp\/v2\/pages\/5268\/revisions"}],"predecessor-version":[{"id":5278,"href":"https:\/\/energisaprev.com.br\/relatorioanual2024\/wp-json\/wp\/v2\/pages\/5268\/revisions\/5278"}],"up":[{"embeddable":true,"href":"https:\/\/energisaprev.com.br\/relatorioanual2024\/wp-json\/wp\/v2\/pages\/65"}],"wp:featuredmedia":[{"embeddable":true,"href":"https:\/\/energisaprev.com.br\/relatorioanual2024\/wp-json\/wp\/v2\/media\/5274"}],"wp:attachment":[{"href":"https:\/\/energisaprev.com.br\/relatorioanual2024\/wp-json\/wp\/v2\/media?parent=5268"}],"curies":[{"name":"wp","href":"https:\/\/api.w.org\/{rel}","templated":true}]}}