{"id":2736,"date":"2024-04-08T18:17:06","date_gmt":"2024-04-08T21:17:06","guid":{"rendered":"https:\/\/crtcomunicacao.com.br\/rai_energisa\/?page_id=2736"},"modified":"2025-04-30T10:13:39","modified_gmt":"2025-04-30T13:13:39","slug":"balanco-patrimonial","status":"publish","type":"page","link":"https:\/\/energisaprev.com.br\/relatorioanual2024\/administrativa-e-financeiro\/balanco-patrimonial\/","title":{"rendered":"Balan\u00e7o Patrimonial"},"content":{"rendered":"\t\t<div data-elementor-type=\"wp-page\" data-elementor-id=\"2736\" class=\"elementor elementor-2736\">\n\t\t\t\t\t\t<section data-particle_enable=\"false\" data-particle-mobile-disabled=\"false\" class=\"elementor-section elementor-top-section elementor-element elementor-element-75c0b56 elementor-section-boxed elementor-section-height-default elementor-section-height-default\" data-id=\"75c0b56\" data-element_type=\"section\" data-e-type=\"section\">\n\t\t\t\t\t\t<div class=\"elementor-container elementor-column-gap-default\">\n\t\t\t\t\t<div class=\"elementor-column elementor-col-100 elementor-top-column elementor-element elementor-element-1b803d9\" data-id=\"1b803d9\" data-element_type=\"column\" data-e-type=\"column\">\n\t\t\t<div class=\"elementor-widget-wrap elementor-element-populated\">\n\t\t\t\t\t\t<div class=\"elementor-element elementor-element-0517d0a elementor-widget elementor-widget-html\" data-id=\"0517d0a\" data-element_type=\"widget\" data-e-type=\"widget\" data-widget_type=\"html.default\">\n\t\t\t\t<div class=\"elementor-widget-container\">\n\t\t\t\t\t<div class=\"overflow-auto table_capsulediv\">\n    <table class=\"table padrao_table\">\n    <thead>\n        <tr>\n            <th>Ativo<\/th>\n            <th>Nota<\/th>\n            <th>Exerc\u00edcio 2024<\/th>\n            <th>Exerc\u00edcio 2023<\/th>\n        <\/tr>\n    <\/thead>\n    <tbody>\n        <tr>\n            <td><b>Dispon\u00edvel<\/b><\/td>\n            <td><\/td>\n            <td><b>10.089<\/b><\/td>\n            <td><b>10.336<\/b><\/td>\n        <\/tr>\n        <tr>\n            <td><b>Realiz\u00e1vel<\/b><\/td>\n            <td><\/td>\n            <td><b> 1.880.124<\/b> <\/td>\n            <td><b>1.949.525<\/b><\/td>\n        <\/tr>\n        <tr>\n            <td style=\"padding-left:50px\"> Gest\u00e3o Previdencial<\/td>\n            <td><a class=\"link-notas\" target=\"_blank\" href=\"https:\/\/energisaprev.com.br\/relatorioanual2024\/wp-content\/uploads\/2025\/04\/Relatorio_Deloitte_EnergisaPrev_2024_VF.pdf#page=63\">Nota Explicativa 4<\/a><\/td>\n            <td> 203.204 <\/td>\n            <td>227.365<\/td>\n        <\/tr>\n        <tr>\n            <td style=\"padding-left:50px\"> Gest\u00e3o Administrativa<\/td>\n            <td><a class=\"link-notas\" target=\"_blank\" href=\"https:\/\/energisaprev.com.br\/relatorioanual2024\/wp-content\/uploads\/2025\/04\/Relatorio_Deloitte_EnergisaPrev_2024_VF.pdf#page=68\">Nota Explicativa 5<\/a><\/td>\n            <td> 1.820 <\/td>\n            <td>1.571<\/td>\n        <\/tr>\n        <tr>\n            <td><b>Investimentos<\/b><\/td>\n            <td><a class=\"link-notas\" target=\"_blank\" href=\"https:\/\/energisaprev.com.br\/relatorioanual2024\/wp-content\/uploads\/2025\/04\/Relatorio_Deloitte_EnergisaPrev_2024_VF.pdf#page=68\">Nota Explicativa 6<\/a><\/td>\n            <td><b>1.675.100<\/b><\/td>\n            <td><b>1.720.589<\/b><\/td>\n        <\/tr>\n        <tr>\n            <td style=\"padding-left:50px\">T\u00edtulos P\u00fablicos<\/td>\n            <td><\/td>\n            <td> 948.325 <\/td>\n            <td>1.004.338<\/td>\n        <\/tr>\n        <tr>\n            <td style=\"padding-left:50px\">Ativo Financeiro de Cr\u00e9dito Privado<\/td>\n            <td><\/td>\n            <td> 9.784 <\/td>\n            <td>19.179<\/td>\n        <\/tr>\n        <tr>\n            <td style=\"padding-left:50px\">Fundos de Investimento<\/td>\n            <td><\/td>\n            <td> 579.453 <\/td>\n            <td>576.625<\/td>\n        <\/tr>\n        <tr>\n            <td style=\"padding-left:50px\">Investimentos em Im\u00f3veis<\/td>\n            <td><\/td>\n            <td> 25.408 <\/td>\n            <td>29.055<\/td>\n        <\/tr>\n        <tr>\n            <td style=\"padding-left:50px\">Opera\u00e7\u00f5es com Participantes<\/td>\n            <td><\/td>\n            <td> 111.772 <\/td>\n            <td>90.962<\/td>\n        <\/tr>\n        <tr>\n            <td style=\"padding-left:50px\">Dep\u00f3sitos Judiciais\/Recursais<\/td>\n            <td><\/td>\n            <td> 355 <\/td>\n            <td>355<\/td>\n        <\/tr>\n        <tr>\n            <td style=\"padding-left:50px\">Outros Realiz\u00e1veis<\/td>\n            <td><\/td>\n            <td> 3 <\/td>\n            <td>75<\/td>\n        <\/tr>\n        <tr>\n            <td><b>Imobilizado e Intang\u00edveil<\/b><\/td>\n            <td><a class=\"link-notas\" target=\"_blank\" href=\"https:\/\/energisaprev.com.br\/relatorioanual2024\/wp-content\/uploads\/2025\/04\/Relatorio_Deloitte_EnergisaPrev_2024_VF.pdf#page=82\">Nota Explicativa 4<\/a><\/td>\n            <td><b>714<\/b><\/td>\n            <td><b>1.084<\/b><\/td>\n        <\/tr>\n        <tr>\n            <td style=\"padding-left:50px\"> Imobilizado <\/td>\n            <td><\/td>\n            <td> 265 <\/td>\n            <td>160<\/td>\n        <\/tr>\n        <tr>\n            <td style=\"padding-left:50px\"> Intang\u00edvel<\/td>\n            <td><\/td>\n            <td> 449 <\/td>\n            <td>924<\/td>\n        <\/tr>\n    <\/tbody>\n    <tfoot>\n        <tr>\n            <td><b>Total do Ativo<\/b><\/td>\n            <td><\/td>\n            <td><b>1.890.927<\/b><\/td>\n            <td><b>1.960.945<\/b><\/td>\n        <\/tr>\n    <\/tfoot>\n<\/table>\n<\/div>\t\t\t\t<\/div>\n\t\t\t\t<\/div>\n\t\t\t\t<div class=\"elementor-element elementor-element-2b326fb elementor-widget elementor-widget-html\" data-id=\"2b326fb\" data-element_type=\"widget\" data-e-type=\"widget\" data-widget_type=\"html.default\">\n\t\t\t\t<div class=\"elementor-widget-container\">\n\t\t\t\t\t<div class=\"overflow-auto table_capsulediv\">\n    <table class=\"table padrao_table\">\n    <thead>\n        <tr>\n            <th>Passivo<\/th>\n            <th>Nota <\/th>\n            <th>Exerc\u00edcio 2024 <\/th>\n            <th>Exerc\u00edcio 2023 <\/th>\n        <\/tr>\n    <\/thead>\n    <tbody>\n        <tr>\n            <td colspan=\"2\"><b>Exig\u00edvel Operacional<\/b><\/td>\n            <td><b>18.629<\/b><\/td>\n            <td><b>20.206<\/b><\/td>\n        <\/tr>\n        <tr>\n            <td style=\"padding-left:50px\"> Gest\u00e3o Previdencial<\/td>\n            <td><a class=\"link-notas\" target=\"_blank\" href=\"https:\/\/energisaprev.com.br\/relatorioanual2024\/wp-content\/uploads\/2025\/04\/Relatorio_Deloitte_EnergisaPrev_2024_VF.pdf#page=83\">Nota Explicativa 8<\/a><\/td>\n            <td> 15.105 <\/td>\n            <td>16.704<\/td>\n        <\/tr>\n        <tr>\n            <td style=\"padding-left:50px\"> Gest\u00e3o Administrativa<\/td>\n            <td><a class=\"link-notas\" target=\"_blank\" href=\"https:\/\/energisaprev.com.br\/relatorioanual2024\/wp-content\/uploads\/2025\/04\/Relatorio_Deloitte_EnergisaPrev_2024_VF.pdf#page=83\">Nota Explicativa 9<\/a><\/td>\n            <td> 3.381 <\/td>\n            <td>3.182<\/td>\n        <\/tr>\n        <tr>\n            <td style=\"padding-left:50px\"> Investimentos<\/td>\n            <td><a class=\"link-notas\" target=\"_blank\" href=\"https:\/\/energisaprev.com.br\/relatorioanual2024\/wp-content\/uploads\/2025\/04\/Relatorio_Deloitte_EnergisaPrev_2024_VF.pdf#page=84\">Nota Explicativa 10<\/a><\/td>\n            <td> 143 <\/td>\n            <td>320<\/td>\n        <\/tr>\n        <tr>\n            <td><b>Exig\u00edvel Contingencial<\/b><\/td>\n            <td><\/td>\n            <td><b>6.488<\/b><\/td>\n            <td><b>6.012<\/b><\/td>\n        <\/tr>\n        <tr>\n            <td style=\"padding-left:50px\"> Gest\u00e3o Previdencial<\/td>\n            <td><a class=\"link-notas\" target=\"_blank\" href=\"https:\/\/energisaprev.com.br\/relatorioanual2024\/wp-content\/uploads\/2025\/04\/Relatorio_Deloitte_EnergisaPrev_2024_VF.pdf#page=84\">Nota Explicativa 11<\/a><\/td>\n            <td> 6.128 <\/td>\n            <td>5.652<\/td>\n        <\/tr>\n        <tr>\n            <td style=\"padding-left:50px\"> Gest\u00e3o Administrativa                       <\/td>\n            <td><a class=\"link-notas\" target=\"_blank\" href=\"https:\/\/energisaprev.com.br\/relatorioanual2024\/wp-content\/uploads\/2025\/04\/Relatorio_Deloitte_EnergisaPrev_2024_VF.pdf#page=85\">Nota Explicativa 12<\/a><\/td>\n            <td> 5 <\/td>\n            <td>5<\/td>\n        <\/tr>\n        <tr>\n            <td style=\"padding-left:50px\">  Investimentos<\/td>\n            <td><a class=\"link-notas\" target=\"_blank\" href=\"https:\/\/energisaprev.com.br\/relatorioanual2024\/wp-content\/uploads\/2025\/04\/Relatorio_Deloitte_EnergisaPrev_2024_VF.pdf#page=85\">Nota Explicativa 13<\/a><\/td>\n            <td> 355 <\/td>\n            <td>355<\/td>\n        <\/tr>\n        <tr>\n            <td><b>Patrimonio Social<\/b><\/td>\n            <td><\/td>\n            <td><b>1.865.810<\/b><\/td>\n            <td><b>1.934.727<\/b><\/td>\n        <\/tr>\n        <tr>\n            <td style=\"padding-left:50px\">Patrim\u00f4nio de Cobertura do Plano<\/td>\n            <td><\/td>\n            <td> 1.829.986 <\/td>\n            <td>1.892.663<\/td>\n        <\/tr>\n        <tr>\n            <td style=\"padding-left:50px\">Provis\u00f5es Matem\u00e1ticas<\/td>\n            <td><a class=\"link-notas\" target=\"_blank\" href=\"https:\/\/energisaprev.com.br\/relatorioanual2024\/wp-content\/uploads\/2025\/04\/Relatorio_Deloitte_EnergisaPrev_2024_VF.pdf#page=86\">Nota Explicativa 14<\/a><\/td>\n            <td> 1.839.693 <\/td>\n            <td>1.889.518<\/td>\n        <\/tr>\n        <tr>\n            <td style=\"padding-left:50px\">Benef\u00edcios Concedidos<\/td>\n            <td><\/td>\n            <td> 1.169.477 <\/td>\n            <td>1.226.210<\/td>\n        <\/tr>\n        <tr>\n            <td style=\"padding-left:50px\">Benef\u00edcios a Conceder<\/td>\n            <td><\/td>\n            <td> 681.300 <\/td>\n            <td>674.529<\/td>\n        <\/tr>\n        <tr>\n            <td style=\"padding-left:80px\">(-) Provis\u00f5es Matem\u00e1ticas a Constituir<\/td>\n            <td><\/td>\n            <td> (11.084)<\/td>\n            <td> (11.221)<\/td>\n        <\/tr>\n        <tr>\n            <td><b>Equil\u00edbrio T\u00e9cnico<\/b><\/td>\n            <td><a class=\"link-notas\" target=\"_blank\" href=\"https:\/\/energisaprev.com.br\/relatorioanual2024\/wp-content\/uploads\/2025\/04\/Relatorio_Deloitte_EnergisaPrev_2024_VF.pdf#page=92\">Nota Explicativa 15<\/a><\/td>\n            <td><b>(9.707)<\/b> <\/td>\n            <td><b>3.145<\/b><\/td>\n        <\/tr>\n        <tr>\n            <td style=\"padding-left:50px\">Resultados Realizados<\/td>\n            <td><\/td>\n            <td> (9.707)<\/td>\n            <td>3.145<\/td>\n        <\/tr>\n        <tr>\n            <td style=\"padding-left:50px\">Super\u00e1vit T\u00e9cnico Acumulado<\/td>\n            <td><\/td>\n            <td> 8.357 <\/td>\n            <td>20.341<\/td>\n        <\/tr>\n        <tr>\n            <td style=\"padding-left:80px\">    (-)D\u00e9ficit T\u00e9cnico Acumulado<\/td>\n            <td><\/td>\n            <td> (18.064)<\/td>\n            <td> (17.196)<\/td>\n        <\/tr>\n        <tr>\n            <td><b>Fundos<\/b><\/td>\n            <td><a class=\"link-notas\" target=\"_blank\" href=\"https:\/\/energisaprev.com.br\/relatorioanual2024\/wp-content\/uploads\/2025\/04\/Relatorio_Deloitte_EnergisaPrev_2024_VF.pdf#page=103\">Nota Explicativa 16<\/a><\/td>\n            <td><b>35.824<\/b><\/td>\n            <td><b>42.064<\/b><\/td>\n        <\/tr>\n        <tr>\n            <td style=\"padding-left:50px\">Fundos Previdenciais<\/td>\n            <td><\/td>\n            <td> 21.689 <\/td>\n            <td>31.242<\/td>\n        <\/tr>\n        <tr>\n            <td style=\"padding-left:50px\">Fundos Administrativos<\/td>\n            <td><\/td>\n            <td> 12.109 <\/td>\n            <td>9.033<\/td>\n        <\/tr>\n        <tr>\n            <td style=\"padding-left:50px\">Fundos dos Investimentos<\/td>\n            <td><\/td>\n            <td> 2.026 <\/td>\n            <td>1.789<\/td>\n        <\/tr>\n    <\/tbody>\n    <tfoot>\n        <tr>\n            <td>Total do Passivo<\/td>\n            <td><\/td>\n            <td>1.890.927<\/td>\n            <td>1.960.945<\/td>\n        <\/tr>\n    <\/tfoot>\n<\/table>\n<\/div>\t\t\t\t<\/div>\n\t\t\t\t<\/div>\n\t\t\t\t\t<\/div>\n\t\t<\/div>\n\t\t\t\t\t<\/div>\n\t\t<\/section>\n\t\t<div data-particle_enable=\"false\" data-particle-mobile-disabled=\"false\" class=\"elementor-element elementor-element-171a77d e-flex e-con-boxed e-con e-parent\" data-id=\"171a77d\" data-element_type=\"container\" data-e-type=\"container\">\n\t\t\t\t\t<div class=\"e-con-inner\">\n\t\t\t\t<div class=\"elementor-element elementor-element-7fb37b8 elementor-widget elementor-widget-heading\" data-id=\"7fb37b8\" data-element_type=\"widget\" data-e-type=\"widget\" data-widget_type=\"heading.default\">\n\t\t\t\t<div class=\"elementor-widget-container\">\n\t\t\t\t\t<p class=\"elementor-heading-title elementor-size-default\">Destacam-se as redu\u00e7\u00f5es nos valores de t\u00edtulos p\u00fablicos e ativos financeiros de cr\u00e9dito privado, bem como o aumento nos investimentos em gest\u00e3o previdencial e opera\u00e7\u00f5es com participantes. No passivo, observa-se uma diminui\u00e7\u00e3o no exig\u00edvel operacional e contingencial da gest\u00e3o previdencial. O patrim\u00f4nio social apresenta uma redu\u00e7\u00e3o nas provis\u00f5es matem\u00e1ticas para benef\u00edcios concedidos e um aumento no d\u00e9ficit t\u00e9cnico acumulado. \n<\/p>\t\t\t\t<\/div>\n\t\t\t\t<\/div>\n\t\t\t\t\t<\/div>\n\t\t\t\t<\/div>\n\t\t\t\t<\/div>\n\t\t","protected":false},"excerpt":{"rendered":"<p>Ativo Nota Exerc\u00edcio 2024 Exerc\u00edcio 2023 Dispon\u00edvel 10.089 10.336 Realiz\u00e1vel 1.880.124 1.949.525 Gest\u00e3o Previdencial Nota Explicativa 4 203.204 227.365 Gest\u00e3o Administrativa Nota Explicativa 5 1.820 1.571 Investimentos Nota Explicativa 6 1.675.100 1.720.589 T\u00edtulos P\u00fablicos 948.325 1.004.338 Ativo Financeiro de Cr\u00e9dito Privado 9.784 19.179 Fundos de Investimento 579.453 576.625 Investimentos em Im\u00f3veis 25.408 29.055 Opera\u00e7\u00f5es com [&hellip;]<\/p>\n","protected":false},"author":1,"featured_media":4527,"parent":63,"menu_order":0,"comment_status":"closed","ping_status":"closed","template":"","meta":{"footnotes":""},"class_list":["post-2736","page","type-page","status-publish","has-post-thumbnail","hentry"],"acf":[],"yoast_head":"<!-- This site is optimized with the Yoast SEO plugin v27.4 - https:\/\/yoast.com\/product\/yoast-seo-wordpress\/ -->\n<title>Balan\u00e7o Patrimonial - Relat\u00f3rio Anual<\/title>\n<meta name=\"robots\" content=\"index, follow, max-snippet:-1, max-image-preview:large, max-video-preview:-1\" \/>\n<link rel=\"canonical\" href=\"https:\/\/energisaprev.com.br\/relatorioanual2024\/administrativa-e-financeiro\/balanco-patrimonial\/\" \/>\n<meta property=\"og:locale\" content=\"pt_BR\" \/>\n<meta property=\"og:type\" content=\"article\" \/>\n<meta property=\"og:title\" content=\"Balan\u00e7o Patrimonial - Relat\u00f3rio Anual\" \/>\n<meta property=\"og:description\" content=\"Ativo Nota Exerc\u00edcio 2024 Exerc\u00edcio 2023 Dispon\u00edvel 10.089 10.336 Realiz\u00e1vel 1.880.124 1.949.525 Gest\u00e3o Previdencial Nota Explicativa 4 203.204 227.365 Gest\u00e3o Administrativa Nota Explicativa 5 1.820 1.571 Investimentos Nota Explicativa 6 1.675.100 1.720.589 T\u00edtulos P\u00fablicos 948.325 1.004.338 Ativo Financeiro de Cr\u00e9dito Privado 9.784 19.179 Fundos de Investimento 579.453 576.625 Investimentos em Im\u00f3veis 25.408 29.055 Opera\u00e7\u00f5es com [&hellip;]\" \/>\n<meta property=\"og:url\" content=\"https:\/\/energisaprev.com.br\/relatorioanual2024\/administrativa-e-financeiro\/balanco-patrimonial\/\" \/>\n<meta property=\"og:site_name\" content=\"Relat\u00f3rio Anual\" \/>\n<meta property=\"article:modified_time\" content=\"2025-04-30T13:13:39+00:00\" \/>\n<meta property=\"og:image\" content=\"https:\/\/energisaprev.com.br\/relatorioanual2024\/wp-content\/uploads\/2025\/04\/capa-balanco-patrimonial.jpg\" \/>\n\t<meta property=\"og:image:width\" content=\"756\" \/>\n\t<meta property=\"og:image:height\" content=\"300\" \/>\n\t<meta property=\"og:image:type\" content=\"image\/jpeg\" \/>\n<meta name=\"twitter:card\" content=\"summary_large_image\" \/>\n<meta name=\"twitter:label1\" content=\"Est. tempo de leitura\" \/>\n\t<meta name=\"twitter:data1\" content=\"2 minutos\" \/>\n<script type=\"application\/ld+json\" class=\"yoast-schema-graph\">{\"@context\":\"https:\\\/\\\/schema.org\",\"@graph\":[{\"@type\":\"WebPage\",\"@id\":\"https:\\\/\\\/energisaprev.com.br\\\/relatorioanual2024\\\/administrativa-e-financeiro\\\/balanco-patrimonial\\\/\",\"url\":\"https:\\\/\\\/energisaprev.com.br\\\/relatorioanual2024\\\/administrativa-e-financeiro\\\/balanco-patrimonial\\\/\",\"name\":\"Balan\u00e7o Patrimonial - Relat\u00f3rio Anual\",\"isPartOf\":{\"@id\":\"https:\\\/\\\/energisaprev.com.br\\\/relatorioanual2024\\\/#website\"},\"primaryImageOfPage\":{\"@id\":\"https:\\\/\\\/energisaprev.com.br\\\/relatorioanual2024\\\/administrativa-e-financeiro\\\/balanco-patrimonial\\\/#primaryimage\"},\"image\":{\"@id\":\"https:\\\/\\\/energisaprev.com.br\\\/relatorioanual2024\\\/administrativa-e-financeiro\\\/balanco-patrimonial\\\/#primaryimage\"},\"thumbnailUrl\":\"https:\\\/\\\/energisaprev.com.br\\\/relatorioanual2024\\\/wp-content\\\/uploads\\\/2025\\\/04\\\/capa-balanco-patrimonial.jpg\",\"datePublished\":\"2024-04-08T21:17:06+00:00\",\"dateModified\":\"2025-04-30T13:13:39+00:00\",\"breadcrumb\":{\"@id\":\"https:\\\/\\\/energisaprev.com.br\\\/relatorioanual2024\\\/administrativa-e-financeiro\\\/balanco-patrimonial\\\/#breadcrumb\"},\"inLanguage\":\"pt-BR\",\"potentialAction\":[{\"@type\":\"ReadAction\",\"target\":[\"https:\\\/\\\/energisaprev.com.br\\\/relatorioanual2024\\\/administrativa-e-financeiro\\\/balanco-patrimonial\\\/\"]}]},{\"@type\":\"ImageObject\",\"inLanguage\":\"pt-BR\",\"@id\":\"https:\\\/\\\/energisaprev.com.br\\\/relatorioanual2024\\\/administrativa-e-financeiro\\\/balanco-patrimonial\\\/#primaryimage\",\"url\":\"https:\\\/\\\/energisaprev.com.br\\\/relatorioanual2024\\\/wp-content\\\/uploads\\\/2025\\\/04\\\/capa-balanco-patrimonial.jpg\",\"contentUrl\":\"https:\\\/\\\/energisaprev.com.br\\\/relatorioanual2024\\\/wp-content\\\/uploads\\\/2025\\\/04\\\/capa-balanco-patrimonial.jpg\",\"width\":756,\"height\":300},{\"@type\":\"BreadcrumbList\",\"@id\":\"https:\\\/\\\/energisaprev.com.br\\\/relatorioanual2024\\\/administrativa-e-financeiro\\\/balanco-patrimonial\\\/#breadcrumb\",\"itemListElement\":[{\"@type\":\"ListItem\",\"position\":1,\"name\":\"In\u00edcio\",\"item\":\"https:\\\/\\\/energisaprev.com.br\\\/relatorioanual2024\\\/\"},{\"@type\":\"ListItem\",\"position\":2,\"name\":\"Administrativa e Financeiro\",\"item\":\"https:\\\/\\\/energisaprev.com.br\\\/relatorioanual2024\\\/administrativa-e-financeiro\\\/\"},{\"@type\":\"ListItem\",\"position\":3,\"name\":\"Balan\u00e7o Patrimonial\"}]},{\"@type\":\"WebSite\",\"@id\":\"https:\\\/\\\/energisaprev.com.br\\\/relatorioanual2024\\\/#website\",\"url\":\"https:\\\/\\\/energisaprev.com.br\\\/relatorioanual2024\\\/\",\"name\":\"Relat\u00f3rio Anual\",\"description\":\"\",\"potentialAction\":[{\"@type\":\"SearchAction\",\"target\":{\"@type\":\"EntryPoint\",\"urlTemplate\":\"https:\\\/\\\/energisaprev.com.br\\\/relatorioanual2024\\\/?s={search_term_string}\"},\"query-input\":{\"@type\":\"PropertyValueSpecification\",\"valueRequired\":true,\"valueName\":\"search_term_string\"}}],\"inLanguage\":\"pt-BR\"}]}<\/script>\n<!-- \/ Yoast SEO plugin. -->","yoast_head_json":{"title":"Balan\u00e7o Patrimonial - Relat\u00f3rio Anual","robots":{"index":"index","follow":"follow","max-snippet":"max-snippet:-1","max-image-preview":"max-image-preview:large","max-video-preview":"max-video-preview:-1"},"canonical":"https:\/\/energisaprev.com.br\/relatorioanual2024\/administrativa-e-financeiro\/balanco-patrimonial\/","og_locale":"pt_BR","og_type":"article","og_title":"Balan\u00e7o Patrimonial - Relat\u00f3rio Anual","og_description":"Ativo Nota Exerc\u00edcio 2024 Exerc\u00edcio 2023 Dispon\u00edvel 10.089 10.336 Realiz\u00e1vel 1.880.124 1.949.525 Gest\u00e3o Previdencial Nota Explicativa 4 203.204 227.365 Gest\u00e3o Administrativa Nota Explicativa 5 1.820 1.571 Investimentos Nota Explicativa 6 1.675.100 1.720.589 T\u00edtulos P\u00fablicos 948.325 1.004.338 Ativo Financeiro de Cr\u00e9dito Privado 9.784 19.179 Fundos de Investimento 579.453 576.625 Investimentos em Im\u00f3veis 25.408 29.055 Opera\u00e7\u00f5es com [&hellip;]","og_url":"https:\/\/energisaprev.com.br\/relatorioanual2024\/administrativa-e-financeiro\/balanco-patrimonial\/","og_site_name":"Relat\u00f3rio Anual","article_modified_time":"2025-04-30T13:13:39+00:00","og_image":[{"width":756,"height":300,"url":"https:\/\/energisaprev.com.br\/relatorioanual2024\/wp-content\/uploads\/2025\/04\/capa-balanco-patrimonial.jpg","type":"image\/jpeg"}],"twitter_card":"summary_large_image","twitter_misc":{"Est. tempo de leitura":"2 minutos"},"schema":{"@context":"https:\/\/schema.org","@graph":[{"@type":"WebPage","@id":"https:\/\/energisaprev.com.br\/relatorioanual2024\/administrativa-e-financeiro\/balanco-patrimonial\/","url":"https:\/\/energisaprev.com.br\/relatorioanual2024\/administrativa-e-financeiro\/balanco-patrimonial\/","name":"Balan\u00e7o Patrimonial - Relat\u00f3rio Anual","isPartOf":{"@id":"https:\/\/energisaprev.com.br\/relatorioanual2024\/#website"},"primaryImageOfPage":{"@id":"https:\/\/energisaprev.com.br\/relatorioanual2024\/administrativa-e-financeiro\/balanco-patrimonial\/#primaryimage"},"image":{"@id":"https:\/\/energisaprev.com.br\/relatorioanual2024\/administrativa-e-financeiro\/balanco-patrimonial\/#primaryimage"},"thumbnailUrl":"https:\/\/energisaprev.com.br\/relatorioanual2024\/wp-content\/uploads\/2025\/04\/capa-balanco-patrimonial.jpg","datePublished":"2024-04-08T21:17:06+00:00","dateModified":"2025-04-30T13:13:39+00:00","breadcrumb":{"@id":"https:\/\/energisaprev.com.br\/relatorioanual2024\/administrativa-e-financeiro\/balanco-patrimonial\/#breadcrumb"},"inLanguage":"pt-BR","potentialAction":[{"@type":"ReadAction","target":["https:\/\/energisaprev.com.br\/relatorioanual2024\/administrativa-e-financeiro\/balanco-patrimonial\/"]}]},{"@type":"ImageObject","inLanguage":"pt-BR","@id":"https:\/\/energisaprev.com.br\/relatorioanual2024\/administrativa-e-financeiro\/balanco-patrimonial\/#primaryimage","url":"https:\/\/energisaprev.com.br\/relatorioanual2024\/wp-content\/uploads\/2025\/04\/capa-balanco-patrimonial.jpg","contentUrl":"https:\/\/energisaprev.com.br\/relatorioanual2024\/wp-content\/uploads\/2025\/04\/capa-balanco-patrimonial.jpg","width":756,"height":300},{"@type":"BreadcrumbList","@id":"https:\/\/energisaprev.com.br\/relatorioanual2024\/administrativa-e-financeiro\/balanco-patrimonial\/#breadcrumb","itemListElement":[{"@type":"ListItem","position":1,"name":"In\u00edcio","item":"https:\/\/energisaprev.com.br\/relatorioanual2024\/"},{"@type":"ListItem","position":2,"name":"Administrativa e Financeiro","item":"https:\/\/energisaprev.com.br\/relatorioanual2024\/administrativa-e-financeiro\/"},{"@type":"ListItem","position":3,"name":"Balan\u00e7o Patrimonial"}]},{"@type":"WebSite","@id":"https:\/\/energisaprev.com.br\/relatorioanual2024\/#website","url":"https:\/\/energisaprev.com.br\/relatorioanual2024\/","name":"Relat\u00f3rio Anual","description":"","potentialAction":[{"@type":"SearchAction","target":{"@type":"EntryPoint","urlTemplate":"https:\/\/energisaprev.com.br\/relatorioanual2024\/?s={search_term_string}"},"query-input":{"@type":"PropertyValueSpecification","valueRequired":true,"valueName":"search_term_string"}}],"inLanguage":"pt-BR"}]}},"_links":{"self":[{"href":"https:\/\/energisaprev.com.br\/relatorioanual2024\/wp-json\/wp\/v2\/pages\/2736","targetHints":{"allow":["GET"]}}],"collection":[{"href":"https:\/\/energisaprev.com.br\/relatorioanual2024\/wp-json\/wp\/v2\/pages"}],"about":[{"href":"https:\/\/energisaprev.com.br\/relatorioanual2024\/wp-json\/wp\/v2\/types\/page"}],"author":[{"embeddable":true,"href":"https:\/\/energisaprev.com.br\/relatorioanual2024\/wp-json\/wp\/v2\/users\/1"}],"replies":[{"embeddable":true,"href":"https:\/\/energisaprev.com.br\/relatorioanual2024\/wp-json\/wp\/v2\/comments?post=2736"}],"version-history":[{"count":52,"href":"https:\/\/energisaprev.com.br\/relatorioanual2024\/wp-json\/wp\/v2\/pages\/2736\/revisions"}],"predecessor-version":[{"id":5211,"href":"https:\/\/energisaprev.com.br\/relatorioanual2024\/wp-json\/wp\/v2\/pages\/2736\/revisions\/5211"}],"up":[{"embeddable":true,"href":"https:\/\/energisaprev.com.br\/relatorioanual2024\/wp-json\/wp\/v2\/pages\/63"}],"wp:featuredmedia":[{"embeddable":true,"href":"https:\/\/energisaprev.com.br\/relatorioanual2024\/wp-json\/wp\/v2\/media\/4527"}],"wp:attachment":[{"href":"https:\/\/energisaprev.com.br\/relatorioanual2024\/wp-json\/wp\/v2\/media?parent=2736"}],"curies":[{"name":"wp","href":"https:\/\/api.w.org\/{rel}","templated":true}]}}