{"id":2136,"date":"2024-04-04T15:40:32","date_gmt":"2024-04-04T18:40:32","guid":{"rendered":"https:\/\/crtcomunicacao.com.br\/rai_energisa\/?page_id=2136"},"modified":"2025-05-12T10:07:03","modified_gmt":"2025-05-12T13:07:03","slug":"beneficio-concedido","status":"publish","type":"page","link":"https:\/\/energisaprev.com.br\/relatorioanual2024\/previdencia\/beneficio-concedido\/","title":{"rendered":"Benef\u00edcio Concedido"},"content":{"rendered":"\t\t<div data-elementor-type=\"wp-page\" data-elementor-id=\"2136\" class=\"elementor elementor-2136\">\n\t\t\t\t\t\t<section data-particle_enable=\"false\" data-particle-mobile-disabled=\"false\" class=\"elementor-section elementor-top-section elementor-element elementor-element-2c1998a elementor-section-boxed elementor-section-height-default elementor-section-height-default\" data-id=\"2c1998a\" data-element_type=\"section\" data-e-type=\"section\">\n\t\t\t\t\t\t<div class=\"elementor-container elementor-column-gap-default\">\n\t\t\t\t\t<div class=\"elementor-column elementor-col-100 elementor-top-column elementor-element elementor-element-9977d9e\" data-id=\"9977d9e\" data-element_type=\"column\" data-e-type=\"column\">\n\t\t\t<div class=\"elementor-widget-wrap elementor-element-populated\">\n\t\t\t\t\t\t<div class=\"elementor-element elementor-element-464a0de elementor-widget elementor-widget-heading\" data-id=\"464a0de\" data-element_type=\"widget\" data-e-type=\"widget\" data-widget_type=\"heading.default\">\n\t\t\t\t<div class=\"elementor-widget-container\">\n\t\t\t\t\t<h2 class=\"elementor-heading-title elementor-size-default\">Benef\u00edcios pagos  - Acumulado <\/h2>\t\t\t\t<\/div>\n\t\t\t\t<\/div>\n\t\t\t\t<div class=\"elementor-element elementor-element-b0f0e46 elementor-widget elementor-widget-text-editor\" data-id=\"b0f0e46\" data-element_type=\"widget\" data-e-type=\"widget\" data-widget_type=\"text-editor.default\">\n\t\t\t\t<div class=\"elementor-widget-container\">\n\t\t\t\t\t\t\t\t\t<p>A an\u00e1lise dos benef\u00edcios pagos em 2024 em compara\u00e7\u00e3o com 2023 revela varia\u00e7\u00f5es em diferentes categorias de benef\u00edcios pagos. O estudo detalha os valores pagos para aposentadorias, pens\u00f5es, aux\u00edlio-doen\u00e7a, abono anual e resgates e benef\u00edcios de pagamento \u00fanico:<\/p>\t\t\t\t\t\t\t\t<\/div>\n\t\t\t\t<\/div>\n\t\t\t\t<div class=\"elementor-element elementor-element-3fd81b0 td-min-width elementor-widget elementor-widget-html\" data-id=\"3fd81b0\" data-element_type=\"widget\" data-e-type=\"widget\" data-widget_type=\"html.default\">\n\t\t\t\t<div class=\"elementor-widget-container\">\n\t\t\t\t\t<div class=\"overflow-auto table_capsulediv\">\r\n    <table class=\"table padrao_table\">\r\n    <table class=\"table padrao_table\">\r\n        <thead>\r\n            <tr>\r\n                <th colspan=\"18\">BENEF\u00cdCIOS PAGOS<\/th>\r\n            <\/tr>\r\n        <\/thead>\r\n        <tbody>\r\n            <tr>\r\n                <td>BENEF\u00cdCIOS PAGOS<\/td>\r\n                <td>Energisa CD<\/td>\r\n                <td>Sudeste<\/td>\r\n                <td>Cemat BDI<\/td>\r\n                <td>Cemat OP<\/td>\r\n                <td>El\u00e9tricas BDI<\/td>\r\n                <td>El\u00e9tricas OP<\/td>\r\n                <td>Plano I<\/td>\r\n                <td>Plano II<\/td>\r\n                <td>Funasa CD<\/td>\r\n                <td>Plano  Risco<\/td>\r\n                <td>Funasa BD<\/td>\r\n                <td>Funasa  Saldado<\/td>\r\n                <td>Sergipe CD<\/td>\r\n                <td>Sergipe  Saldado<\/td>\r\n                <td>Assistencial<\/td>\r\n                <td>2024<\/td>\r\n                <td>2023<\/td>\r\n            <\/tr>\r\n            <tr>\r\n                <td>Aposentadorias <\/td>\r\n                <td>81.792<\/td>\r\n                <td>4.560<\/td>\r\n                <td>162<\/td>\r\n                <td>1.920<\/td>\r\n                <td>1.164<\/td>\r\n                <td>559<\/td>\r\n                <td>3.951<\/td>\r\n                <td>1.875<\/td>\r\n                <td>132<\/td>\r\n                <td>344<\/td>\r\n                <td>10.217<\/td>\r\n                <td>2.357<\/td>\r\n                <td>763<\/td>\r\n                <td>3.497<\/td>\r\n                <td>0<\/td>\r\n                <td>113.293<\/td>\r\n                <td>117.351<\/td>\r\n            <\/tr>\r\n            <tr>\r\n                <td>Pens\u00f5es <\/td>\r\n                <td>24.664<\/td>\r\n                <td>428<\/td>\r\n                <td>198<\/td>\r\n                <td>972<\/td>\r\n                <td>933<\/td>\r\n                <td>374<\/td>\r\n                <td>1.488<\/td>\r\n                <td>380<\/td>\r\n                <td>1<\/td>\r\n                <td>1.135<\/td>\r\n                <td>3.577<\/td>\r\n                <td>113<\/td>\r\n                <td>350<\/td>\r\n                <td>167<\/td>\r\n                <td>0<\/td>\r\n                <td>34.780<\/td>\r\n                <td>32.622<\/td>\r\n            <\/tr>\r\n            <tr>\r\n                <td>Aux\u00edlio - Doen\u00e7a <\/td>\r\n                <td>745<\/td>\r\n                <td>0<\/td>\r\n                <td>0<\/td>\r\n                <td>0<\/td>\r\n                <td>0<\/td>\r\n                <td>0<\/td>\r\n                <td>0<\/td>\r\n                <td>0<\/td>\r\n                <td>0<\/td>\r\n                <td>56<\/td>\r\n                <td>0<\/td>\r\n                <td>0<\/td>\r\n                <td>0<\/td>\r\n                <td>0<\/td>\r\n                <td>0<\/td>\r\n                <td>801<\/td>\r\n                <td>599<\/td>\r\n            <\/tr>\r\n            <tr>\r\n                <td>Abono Anual <\/td>\r\n                <td>5.985<\/td>\r\n                <td>13<\/td>\r\n                <td>31<\/td>\r\n                <td>0<\/td>\r\n                <td>180<\/td>\r\n                <td>0<\/td>\r\n                <td>310<\/td>\r\n                <td>190<\/td>\r\n                <td>11<\/td>\r\n                <td>135<\/td>\r\n                <td>1.125<\/td>\r\n                <td>206<\/td>\r\n                <td>90<\/td>\r\n                <td>309<\/td>\r\n                <td>0<\/td>\r\n                <td>8.585<\/td>\r\n                <td>9.237<\/td>\r\n            <\/tr>\r\n            <tr>\r\n                <td>Resgates e Benef\u00edcios de Pagamento \u00danico <\/td>\r\n                <td>37.974<\/td>\r\n                <td>5.072<\/td>\r\n                <td>0<\/td>\r\n                <td>733<\/td>\r\n                <td>13<\/td>\r\n                <td>276<\/td>\r\n                <td>0<\/td>\r\n                <td>1.308<\/td>\r\n                <td>5<\/td>\r\n                <td>0<\/td>\r\n                <td>22<\/td>\r\n                <td>0<\/td>\r\n                <td>0<\/td>\r\n                <td>0<\/td>\r\n                <td>0<\/td>\r\n                <td>45.402<\/td>\r\n                <td>29.821<\/td>\r\n            <\/tr>\r\n            <tr>\r\n                <td>TOTAL DOS BENEF\u00cdCIOS PAGOS <\/td>\r\n                <td>151.160<\/td>\r\n                <td>10.073<\/td>\r\n                <td>391<\/td>\r\n                <td>3.625<\/td>\r\n                <td>2.290<\/td>\r\n                <td>1.209<\/td>\r\n                <td>5.749<\/td>\r\n                <td>3.753<\/td>\r\n                <td>149<\/td>\r\n                <td>1.670<\/td>\r\n                <td>14.941<\/td>\r\n                <td>14.941<\/td>\r\n                <td>1.203<\/td>\r\n                <td>3.973<\/td>\r\n                <td>0<\/td>\r\n                <td>202.861<\/td>\r\n                <td>189.630<\/td>\r\n            <\/tr>\r\n        <\/tbody>\r\n    <\/table>\r\n<\/div>\r\n<\/div.\t\t\t\t<\/div>\n\t\t\t\t<\/div>\n\t\t\t\t<div class=\"elementor-element elementor-element-4deed2a elementor-widget elementor-widget-text-editor\" data-id=\"4deed2a\" data-element_type=\"widget\" data-e-type=\"widget\" data-widget_type=\"text-editor.default\">\n\t\t\t\t<div class=\"elementor-widget-container\">\n\t\t\t\t\t\t\t\t\t<p>Em 2024, o valor total pago em aposentadorias foi de 113.293.000 milh\u00f5es de reais, uma redu\u00e7\u00e3o de aproximadamente 3,46% em rela\u00e7\u00e3o aos 117.351.000 milh\u00f5es de reais pagos em 2023.<\/p><p>Os pagamentos de pens\u00f5es apresentaram um aumento, passando de 32.622.000 milh\u00f5es em 2023 para 34.780.000 milh\u00f5es de reais pagos em 2024, o que representa um crescimento de 6,62%.<\/p><p>J\u00e1 o aux\u00edlio-doen\u00e7a teve um aumento significativo de 33,72%, subindo de 599.000 em concess\u00f5es em 2023 para 801.000 em concess\u00f5es em 2024.<\/p><p>Ao contr\u00e1rio de outras categorias, o abono anual apresentou uma redu\u00e7\u00e3o de 7,06%, passando de 9.237 em 2023 para 8.585 em 2024.<\/p><p>Os valores pagos em resgates e benef\u00edcios de pagamento \u00fanico acompanharam essa crescente, tendo um aumento de 52,25% em rela\u00e7\u00e3o ao ano de 2023.<\/p><p>De maneira geral, os benef\u00edcios pagos em 2024 mostraram um aumento em v\u00e1rias categorias, com destaque para o aux\u00edlio-doen\u00e7a, resgates e benef\u00edcios de pagamento \u00fanico. Por outro lado, as aposentadorias e o abono anual foram as categorias que apresentaram uma redu\u00e7\u00e3o nos valores pagos.<\/p><p>A EnergisaPrev refor\u00e7a o compromisso de realizar uma gest\u00e3o eficaz e atenta \u00e0s necessidades dos benefici\u00e1rios.<\/p>\t\t\t\t\t\t\t\t<\/div>\n\t\t\t\t<\/div>\n\t\t\t\t\t<\/div>\n\t\t<\/div>\n\t\t\t\t\t<\/div>\n\t\t<\/section>\n\t\t\t\t<\/div>\n\t\t","protected":false},"excerpt":{"rendered":"<p>Benef\u00edcios pagos &#8211; Acumulado A an\u00e1lise dos benef\u00edcios pagos em 2024 em compara\u00e7\u00e3o com 2023 revela varia\u00e7\u00f5es em diferentes categorias de benef\u00edcios pagos. O estudo detalha os valores pagos para aposentadorias, pens\u00f5es, aux\u00edlio-doen\u00e7a, abono anual e resgates e benef\u00edcios de pagamento \u00fanico: BENEF\u00cdCIOS PAGOS BENEF\u00cdCIOS PAGOS Energisa CD Sudeste Cemat BDI Cemat OP El\u00e9tricas BDI [&hellip;]<\/p>\n","protected":false},"author":1,"featured_media":4504,"parent":61,"menu_order":7,"comment_status":"closed","ping_status":"closed","template":"","meta":{"footnotes":""},"class_list":["post-2136","page","type-page","status-publish","has-post-thumbnail","hentry"],"acf":[],"yoast_head":"<!-- This site is optimized with the Yoast SEO plugin v27.4 - https:\/\/yoast.com\/product\/yoast-seo-wordpress\/ -->\n<title>Benef\u00edcio Concedido - Relat\u00f3rio Anual<\/title>\n<meta name=\"robots\" content=\"index, follow, max-snippet:-1, max-image-preview:large, max-video-preview:-1\" \/>\n<link rel=\"canonical\" href=\"https:\/\/energisaprev.com.br\/relatorioanual2024\/previdencia\/beneficio-concedido\/\" \/>\n<meta property=\"og:locale\" content=\"pt_BR\" \/>\n<meta property=\"og:type\" content=\"article\" \/>\n<meta property=\"og:title\" content=\"Benef\u00edcio Concedido - Relat\u00f3rio Anual\" \/>\n<meta property=\"og:description\" content=\"Benef\u00edcios pagos &#8211; Acumulado A an\u00e1lise dos benef\u00edcios pagos em 2024 em compara\u00e7\u00e3o com 2023 revela varia\u00e7\u00f5es em diferentes categorias de benef\u00edcios pagos. O estudo detalha os valores pagos para aposentadorias, pens\u00f5es, aux\u00edlio-doen\u00e7a, abono anual e resgates e benef\u00edcios de pagamento \u00fanico: BENEF\u00cdCIOS PAGOS BENEF\u00cdCIOS PAGOS Energisa CD Sudeste Cemat BDI Cemat OP El\u00e9tricas BDI [&hellip;]\" \/>\n<meta property=\"og:url\" content=\"https:\/\/energisaprev.com.br\/relatorioanual2024\/previdencia\/beneficio-concedido\/\" \/>\n<meta property=\"og:site_name\" content=\"Relat\u00f3rio Anual\" \/>\n<meta property=\"article:modified_time\" content=\"2025-05-12T13:07:03+00:00\" \/>\n<meta property=\"og:image\" content=\"https:\/\/energisaprev.com.br\/relatorioanual2024\/wp-content\/uploads\/2025\/04\/capa-beneficio-concedido.jpg\" \/>\n\t<meta property=\"og:image:width\" content=\"756\" \/>\n\t<meta property=\"og:image:height\" content=\"300\" \/>\n\t<meta property=\"og:image:type\" content=\"image\/jpeg\" \/>\n<meta name=\"twitter:card\" content=\"summary_large_image\" \/>\n<meta name=\"twitter:label1\" content=\"Est. tempo de leitura\" \/>\n\t<meta name=\"twitter:data1\" content=\"3 minutos\" \/>\n<script type=\"application\/ld+json\" class=\"yoast-schema-graph\">{\"@context\":\"https:\\\/\\\/schema.org\",\"@graph\":[{\"@type\":\"WebPage\",\"@id\":\"https:\\\/\\\/energisaprev.com.br\\\/relatorioanual2024\\\/previdencia\\\/beneficio-concedido\\\/\",\"url\":\"https:\\\/\\\/energisaprev.com.br\\\/relatorioanual2024\\\/previdencia\\\/beneficio-concedido\\\/\",\"name\":\"Benef\u00edcio Concedido - Relat\u00f3rio Anual\",\"isPartOf\":{\"@id\":\"https:\\\/\\\/energisaprev.com.br\\\/relatorioanual2024\\\/#website\"},\"primaryImageOfPage\":{\"@id\":\"https:\\\/\\\/energisaprev.com.br\\\/relatorioanual2024\\\/previdencia\\\/beneficio-concedido\\\/#primaryimage\"},\"image\":{\"@id\":\"https:\\\/\\\/energisaprev.com.br\\\/relatorioanual2024\\\/previdencia\\\/beneficio-concedido\\\/#primaryimage\"},\"thumbnailUrl\":\"https:\\\/\\\/energisaprev.com.br\\\/relatorioanual2024\\\/wp-content\\\/uploads\\\/2025\\\/04\\\/capa-beneficio-concedido.jpg\",\"datePublished\":\"2024-04-04T18:40:32+00:00\",\"dateModified\":\"2025-05-12T13:07:03+00:00\",\"breadcrumb\":{\"@id\":\"https:\\\/\\\/energisaprev.com.br\\\/relatorioanual2024\\\/previdencia\\\/beneficio-concedido\\\/#breadcrumb\"},\"inLanguage\":\"pt-BR\",\"potentialAction\":[{\"@type\":\"ReadAction\",\"target\":[\"https:\\\/\\\/energisaprev.com.br\\\/relatorioanual2024\\\/previdencia\\\/beneficio-concedido\\\/\"]}]},{\"@type\":\"ImageObject\",\"inLanguage\":\"pt-BR\",\"@id\":\"https:\\\/\\\/energisaprev.com.br\\\/relatorioanual2024\\\/previdencia\\\/beneficio-concedido\\\/#primaryimage\",\"url\":\"https:\\\/\\\/energisaprev.com.br\\\/relatorioanual2024\\\/wp-content\\\/uploads\\\/2025\\\/04\\\/capa-beneficio-concedido.jpg\",\"contentUrl\":\"https:\\\/\\\/energisaprev.com.br\\\/relatorioanual2024\\\/wp-content\\\/uploads\\\/2025\\\/04\\\/capa-beneficio-concedido.jpg\",\"width\":756,\"height\":300},{\"@type\":\"BreadcrumbList\",\"@id\":\"https:\\\/\\\/energisaprev.com.br\\\/relatorioanual2024\\\/previdencia\\\/beneficio-concedido\\\/#breadcrumb\",\"itemListElement\":[{\"@type\":\"ListItem\",\"position\":1,\"name\":\"In\u00edcio\",\"item\":\"https:\\\/\\\/energisaprev.com.br\\\/relatorioanual2024\\\/\"},{\"@type\":\"ListItem\",\"position\":2,\"name\":\"Previd\u00eancia\",\"item\":\"https:\\\/\\\/energisaprev.com.br\\\/relatorioanual2024\\\/previdencia\\\/\"},{\"@type\":\"ListItem\",\"position\":3,\"name\":\"Benef\u00edcio Concedido\"}]},{\"@type\":\"WebSite\",\"@id\":\"https:\\\/\\\/energisaprev.com.br\\\/relatorioanual2024\\\/#website\",\"url\":\"https:\\\/\\\/energisaprev.com.br\\\/relatorioanual2024\\\/\",\"name\":\"Relat\u00f3rio Anual\",\"description\":\"\",\"potentialAction\":[{\"@type\":\"SearchAction\",\"target\":{\"@type\":\"EntryPoint\",\"urlTemplate\":\"https:\\\/\\\/energisaprev.com.br\\\/relatorioanual2024\\\/?s={search_term_string}\"},\"query-input\":{\"@type\":\"PropertyValueSpecification\",\"valueRequired\":true,\"valueName\":\"search_term_string\"}}],\"inLanguage\":\"pt-BR\"}]}<\/script>\n<!-- \/ Yoast SEO plugin. -->","yoast_head_json":{"title":"Benef\u00edcio Concedido - Relat\u00f3rio Anual","robots":{"index":"index","follow":"follow","max-snippet":"max-snippet:-1","max-image-preview":"max-image-preview:large","max-video-preview":"max-video-preview:-1"},"canonical":"https:\/\/energisaprev.com.br\/relatorioanual2024\/previdencia\/beneficio-concedido\/","og_locale":"pt_BR","og_type":"article","og_title":"Benef\u00edcio Concedido - Relat\u00f3rio Anual","og_description":"Benef\u00edcios pagos &#8211; Acumulado A an\u00e1lise dos benef\u00edcios pagos em 2024 em compara\u00e7\u00e3o com 2023 revela varia\u00e7\u00f5es em diferentes categorias de benef\u00edcios pagos. O estudo detalha os valores pagos para aposentadorias, pens\u00f5es, aux\u00edlio-doen\u00e7a, abono anual e resgates e benef\u00edcios de pagamento \u00fanico: BENEF\u00cdCIOS PAGOS BENEF\u00cdCIOS PAGOS Energisa CD Sudeste Cemat BDI Cemat OP El\u00e9tricas BDI [&hellip;]","og_url":"https:\/\/energisaprev.com.br\/relatorioanual2024\/previdencia\/beneficio-concedido\/","og_site_name":"Relat\u00f3rio Anual","article_modified_time":"2025-05-12T13:07:03+00:00","og_image":[{"width":756,"height":300,"url":"https:\/\/energisaprev.com.br\/relatorioanual2024\/wp-content\/uploads\/2025\/04\/capa-beneficio-concedido.jpg","type":"image\/jpeg"}],"twitter_card":"summary_large_image","twitter_misc":{"Est. tempo de leitura":"3 minutos"},"schema":{"@context":"https:\/\/schema.org","@graph":[{"@type":"WebPage","@id":"https:\/\/energisaprev.com.br\/relatorioanual2024\/previdencia\/beneficio-concedido\/","url":"https:\/\/energisaprev.com.br\/relatorioanual2024\/previdencia\/beneficio-concedido\/","name":"Benef\u00edcio Concedido - Relat\u00f3rio Anual","isPartOf":{"@id":"https:\/\/energisaprev.com.br\/relatorioanual2024\/#website"},"primaryImageOfPage":{"@id":"https:\/\/energisaprev.com.br\/relatorioanual2024\/previdencia\/beneficio-concedido\/#primaryimage"},"image":{"@id":"https:\/\/energisaprev.com.br\/relatorioanual2024\/previdencia\/beneficio-concedido\/#primaryimage"},"thumbnailUrl":"https:\/\/energisaprev.com.br\/relatorioanual2024\/wp-content\/uploads\/2025\/04\/capa-beneficio-concedido.jpg","datePublished":"2024-04-04T18:40:32+00:00","dateModified":"2025-05-12T13:07:03+00:00","breadcrumb":{"@id":"https:\/\/energisaprev.com.br\/relatorioanual2024\/previdencia\/beneficio-concedido\/#breadcrumb"},"inLanguage":"pt-BR","potentialAction":[{"@type":"ReadAction","target":["https:\/\/energisaprev.com.br\/relatorioanual2024\/previdencia\/beneficio-concedido\/"]}]},{"@type":"ImageObject","inLanguage":"pt-BR","@id":"https:\/\/energisaprev.com.br\/relatorioanual2024\/previdencia\/beneficio-concedido\/#primaryimage","url":"https:\/\/energisaprev.com.br\/relatorioanual2024\/wp-content\/uploads\/2025\/04\/capa-beneficio-concedido.jpg","contentUrl":"https:\/\/energisaprev.com.br\/relatorioanual2024\/wp-content\/uploads\/2025\/04\/capa-beneficio-concedido.jpg","width":756,"height":300},{"@type":"BreadcrumbList","@id":"https:\/\/energisaprev.com.br\/relatorioanual2024\/previdencia\/beneficio-concedido\/#breadcrumb","itemListElement":[{"@type":"ListItem","position":1,"name":"In\u00edcio","item":"https:\/\/energisaprev.com.br\/relatorioanual2024\/"},{"@type":"ListItem","position":2,"name":"Previd\u00eancia","item":"https:\/\/energisaprev.com.br\/relatorioanual2024\/previdencia\/"},{"@type":"ListItem","position":3,"name":"Benef\u00edcio Concedido"}]},{"@type":"WebSite","@id":"https:\/\/energisaprev.com.br\/relatorioanual2024\/#website","url":"https:\/\/energisaprev.com.br\/relatorioanual2024\/","name":"Relat\u00f3rio Anual","description":"","potentialAction":[{"@type":"SearchAction","target":{"@type":"EntryPoint","urlTemplate":"https:\/\/energisaprev.com.br\/relatorioanual2024\/?s={search_term_string}"},"query-input":{"@type":"PropertyValueSpecification","valueRequired":true,"valueName":"search_term_string"}}],"inLanguage":"pt-BR"}]}},"_links":{"self":[{"href":"https:\/\/energisaprev.com.br\/relatorioanual2024\/wp-json\/wp\/v2\/pages\/2136","targetHints":{"allow":["GET"]}}],"collection":[{"href":"https:\/\/energisaprev.com.br\/relatorioanual2024\/wp-json\/wp\/v2\/pages"}],"about":[{"href":"https:\/\/energisaprev.com.br\/relatorioanual2024\/wp-json\/wp\/v2\/types\/page"}],"author":[{"embeddable":true,"href":"https:\/\/energisaprev.com.br\/relatorioanual2024\/wp-json\/wp\/v2\/users\/1"}],"replies":[{"embeddable":true,"href":"https:\/\/energisaprev.com.br\/relatorioanual2024\/wp-json\/wp\/v2\/comments?post=2136"}],"version-history":[{"count":25,"href":"https:\/\/energisaprev.com.br\/relatorioanual2024\/wp-json\/wp\/v2\/pages\/2136\/revisions"}],"predecessor-version":[{"id":5291,"href":"https:\/\/energisaprev.com.br\/relatorioanual2024\/wp-json\/wp\/v2\/pages\/2136\/revisions\/5291"}],"up":[{"embeddable":true,"href":"https:\/\/energisaprev.com.br\/relatorioanual2024\/wp-json\/wp\/v2\/pages\/61"}],"wp:featuredmedia":[{"embeddable":true,"href":"https:\/\/energisaprev.com.br\/relatorioanual2024\/wp-json\/wp\/v2\/media\/4504"}],"wp:attachment":[{"href":"https:\/\/energisaprev.com.br\/relatorioanual2024\/wp-json\/wp\/v2\/media?parent=2136"}],"curies":[{"name":"wp","href":"https:\/\/api.w.org\/{rel}","templated":true}]}}